eatest common divisor of 60 and 4620390?
30
What is the highest common divisor of 11580 and 420?
60
Calculate the greatest common divisor of 217 and 6937.
7
What is the greatest common factor of 337920 and 330?
330
Calculate the highest common divisor of 95 and 60895.
95
Calculate the highest common divisor of 1272 and 3192.
24
Calculate the greatest common divisor of 1193216 and 59.
59
Calculate the highest common factor of 640 and 1708672.
128
What is the highest common divisor of 11851 and 945?
7
Calculate the highest common factor of 267154 and 11381.
599
Calculate the highest common divisor of 650 and 1350.
50
What is the highest common divisor of 402 and 173865?
201
Calculate the highest common factor of 1372960 and 800.
160
What is the highest common factor of 50835 and 2115?
15
What is the highest common divisor of 737 and 560991?
67
Calculate the greatest common divisor of 3549 and 294.
21
Calculate the greatest common factor of 23085 and 17385.
285
What is the greatest common divisor of 36174 and 18?
6
What is the greatest common divisor of 205640 and 40?
40
What is the greatest common divisor of 259 and 9247?
7
What is the highest common factor of 280 and 777?
7
Calculate the highest common factor of 5076 and 558.
18
What is the highest common divisor of 45466 and 254?
254
Calculate the greatest common divisor of 1309652 and 4.
4
Calculate the highest common factor of 495052 and 690.
46
What is the greatest common factor of 73680 and 840?
120
Calculate the greatest common divisor of 96 and 512376.
24
What is the greatest common divisor of 798 and 91200?
114
Calculate the highest common divisor of 12338 and 12736.
398
Calculate the greatest common divisor of 3327 and 51.
3
What is the highest common factor of 8083 and 295?
59
What is the highest common divisor of 435 and 1005?
15
Calculate the greatest common divisor of 686364 and 84.
84
What is the greatest common divisor of 439 and 8460847?
439
What is the highest common factor of 756 and 2678004?
252
Calculate the highest common divisor of 79822 and 6714.
746
What is the greatest common divisor of 24 and 139952?
8
Calculate the greatest common divisor of 102340 and 1360.
340
Calculate the greatest common factor of 55 and 63415.
55
What is the highest common divisor of 444798 and 54?
54
Calculate the highest common divisor of 301 and 9079.
7
What is the greatest common divisor of 371 and 1134?
7
Calculate the highest common divisor of 621 and 6141.
69
What is the highest common divisor of 3407128 and 184?
184
Calculate the greatest common factor of 245399 and 11.
11
Calculate the highest common factor of 36917 and 402.
67
Calculate the highest common divisor of 104601 and 714.
357
Calculate the greatest common divisor of 2868 and 446691.
717
Calculate the highest common divisor of 40210 and 70.
10
Calculate the highest common divisor of 432 and 20960.
16
What is the greatest common factor of 316 and 776?
4
What is the greatest common divisor of 4284854 and 2254?
2254
What is the greatest common factor of 23214 and 530?
106
What is the greatest common factor of 66507 and 147?
21
What is the highest common factor of 66 and 416174?
22
What is the greatest common divisor of 288 and 2036?
4
What is the greatest common divisor of 464 and 80939?
29
What is the greatest common factor of 7700 and 8162?
154
Calculate the greatest common divisor of 436 and 1708684.
436
What is the highest common factor of 74 and 361268?
74
Calculate the highest common divisor of 68992 and 120197.
539
What is the greatest common divisor of 184177 and 1909?
83
Calculate the greatest common factor of 2504 and 304.
8
Calculate the highest common divisor of 11899 and 1387.
73
What is the greatest common factor of 364969 and 110?
11
What is the highest common factor of 56368 and 624?
208
Calculate the highest common factor of 22471 and 667.
23
What is the highest common divisor of 1644 and 332362?
274
Calculate the greatest common divisor of 1226647 and 939.
313
What is the greatest common factor of 410775 and 150?
75
Calculate the highest common divisor of 16 and 22136.
8
Calculate the greatest common factor of 2043 and 234491.
227
What is the greatest common divisor of 23850 and 725?
25
Calculate the greatest common divisor of 672639 and 1308.
327
What is the greatest common factor of 10856 and 1656?
184
Calculate the greatest common divisor of 150 and 457875.
75
What is the greatest common factor of 16 and 124918?
2
What is the greatest common factor of 45 and 1010040?
15
Calculate the highest common factor of 2925 and 2106.
117
Calculate the greatest common factor of 57330 and 2340.
1170
Calculate the highest common divisor of 7322293 and 1199.
1199
Calculate the highest common divisor of 22632 and 13938.
138
Calculate the greatest common divisor of 30 and 25215.
15
Calculate the highest common factor of 350 and 30050.
50
Calculate the greatest common divisor of 1573992 and 27.
27
What is the highest common factor of 1323 and 516?
3
What is the highest common factor of 33008 and 44?
4
Calculate the highest common factor of 1836 and 51612.
204
Calculate the highest common factor of 5746 and 239122.
442
Calculate the highest common factor of 256 and 1936.
16
Calculate the highest common divisor of 732 and 84.
12
Calculate the greatest common divisor of 332145 and 847.
121
What is the greatest common factor of 84624 and 22188?
516
What is the highest common factor of 388 and 136867?
97
Calculate the highest common divisor of 29670 and 210.
30
Calculate the highest common divisor of 52152 and 5043.
123
What is the highest common factor of 23 and 97842?
23
What is the greatest common divisor of 9250 and 127625?
125
What is the greatest common factor of 884 and 36550?
34
Calculate the highest common divisor of 7964 and 1760.
44
What is the greatest common divisor of 4032 and 92608?
64
Calculate the highest common factor of 1140 and 3810.
30
Calculate the greatest common factor of 500 and 58340.
20
Calculate the greatest common factor of 42360 and 600.
120
What is the greatest common divisor of 36879 and 456?
57
Calculate the greatest common factor of 60643 and 250767.
1639
What is the greatest common divisor of 175 and 16130?
5
What is the greatest common divisor of 32954 and 4?
2
What is the greatest common factor of 23 and 20691812?
23
Calculate the highest common factor of 497798 and 248.
62
Calculate the highest common divisor of 136680 and 268.
268
What is the greatest common factor of 1235 and 433390?
95
Calculate the highest common divisor of 213 and 18321.
3
Calculate the highest common factor of 68170 and 40.
10
What is the greatest common factor of 404 and 1125140?
404
Calculate the greatest common factor of 99 and 1449789.
33
What is the highest common divisor of 6950 and 2150?
50
What is the greatest common factor of 5 and 341716?
1
Calculate the highest common factor of 1918 and 35894.
274
What is the highest common factor of 20093 and 2627?
71
Calculate the highest common factor of 3162 and 2139.
93
Calculate the highest common divisor of 2172890 and 10570.
1510
Calculate the greatest common factor of 50585 and 2345.
335
Calculate the highest common factor of 2640 and 1826.
22
Calculate the highest common factor of 64430 and 510.
170
Calculate the greatest common factor of 176 and 2235288.
88
Calculate the highest common divisor of 22225 and 125.
25
What is the highest common divisor of 30619 and 8683?
457
Calculate the highest common divisor of 27086 and 58.
58
Calculate the greatest common divisor of 158327 and 494.
247
Calculate the highest common divisor of 228 and 34086.
114
What is the highest common divisor of 108250 and 1750?
250
What is the greatest common factor of 95748 and 303?
303
What is the greatest common factor of 255305 and 10?
5
What is the highest common divisor of 86619 and 780?
39
Calculate the highest common divisor of 5670 and 75.
15
What is the greatest common factor of 749 and 428?
107
What is the greatest common divisor of 14148 and 24?
12
What is the greatest common divisor of 6290 and 650?
10
Calculate the highest common divisor of 82010 and 65330.
1390
What is the highest common factor of 42354 and 130?
26
Calculate the highest common factor of 324 and 5724.
108
Calcul